 factor of 1149 and s.
3
Let g = 43336 + -43193. What is the highest common divisor of 242 and g?
11
Let f(i) = 212*i - 1150. Let o be f(6). What is the highest common factor of o and 1525?
61
Let q be (-4 - 1)*-7 + 0. Let c = -17 + q. Suppose -20 = s + 2*a, s + 0*a + 202 = -16*a. Calculate the highest common factor of c and s.
6
Let n be 1/4*4 + 3 + 100. Let k be 714/8 + (-26)/n. Let v = k - 81. What is the greatest common factor of 128 and v?
8
Let z(m) = m**3 - 12*m**2 - 13*m - 56. Let b be z(14). Let t = b + -147. Calculate the highest common factor of 49 and t.
7
Let l(x) = 2*x**2 + 25*x - 201. Let c be l(-18). Let t(r) = 9*r**2 + 26*r + 76. Let j be t(c). What is the highest common divisor of 632 and j?
79
Let z = 9541 - -15968. Calculate the greatest common factor of 33 and z.
33
Let r = 21476 + -20958. Calculate the highest common divisor of r and 280.
14
Let n(p) = -47*p + 44*p + 13*p**2 - 3 + p**2. Let j be n(4). Calculate the highest common divisor of j and 19.
19
Let t(d) = d**2 - 4*d + 27. Let q be t(4). Suppose 4*m - 61 - q = 0. Calculate the greatest common divisor of 176 and m.
22
Let w be -5 - ((-6 - -1) + -1). Let d be 9/3 + w + (209 - 6). Calculate the highest common factor of d and 69.
69
Suppose 17*v = 20*v - 4*t - 2, 4*v - 2*t = 26. Calculate the greatest common factor of v and 4700.
10
Let y be 70/(-4)*28/(-5). Let p(q) = -14*q**3 + q**2 + q. Let v be (-4)/(-10) - (-28)/(-20). Let z be p(v). Calculate the greatest common divisor of z and y.
14
Suppose 147*a - 13757 = -11552. Let l(s) = s + 405. Let o be l(0). What is the highest common divisor of o and a?
15
Let q = 3846 + -3316. Calculate the greatest common factor of 106 and q.
106
Suppose -5*r + 2*v + 2121 = 0, 9*v = 5*r + 4*v - 2130. Let i = r - 123. Calculate the highest common factor of i and 120.
60
Let c(k) = -69*k + 360. Let t be c(4). Calculate the highest common factor of t and 564.
12
Suppose 0 = -8*m - 10 + 226. What is the highest common divisor of 1161 and m?
27
Let l be ((-1)/(-1))/(2/10). Let w = -269 + 324. Suppose 8*z + w = 19*z. Calculate the highest common factor of l and z.
5
Let v = -33096 + 34136. Calculate the highest common factor of 4550 and v.
130
Suppose -161*d = -164*d - 27. Let h(k) = k**2 - 6*k - 106. Let t be h(d). What is the highest common divisor of 377 and t?
29
Let r = -514 + 673. Suppose -r = -2*m - 51. What is the highest common factor of 297 and m?
27
Let r be (20/(-14))/(((-98)/21 - -4)/28). What is the greatest common divisor of r and 76?
4
Let h(n) = 7*n**2 + 7*n. Let a be h(-4). Let m(u) = -9*u**2 - u - u + 948*u**3 - 3 - 946*u**3. Let j be m(5). Calculate the highest common divisor of j and a.
12
Let b(o) be the second derivative of -7*o**3/6 + 189*o**2/2 + 15*o - 3. Let j be b(0). What is the greatest common factor of j and 7?
7
Let o be (-15209)/(-5) + (-2)/(-10). Suppose 9*f + 9*f - o = 0. What is the greatest common divisor of f and 39?
13
Let h = -103 - -163. Suppose a = -3, -10*a + 5*a = 3*t - 57. What is the greatest common divisor of t and h?
12
Suppose 4*i + 65 + 52 = 3*h, h + 4*i = 39. What is the greatest common divisor of 338 and h?
13
Suppose r = -3*r + 32. Let j be -24 + 22 - (-3 - -2). Let w be 8/(-3)*((-5)/2 - j). Calculate the greatest common divisor of r and w.
4
Let v be -1 + 8 - (-17 - -21). Let z be -4 + v - 1*-377. Let t = -256 + z. Calculate the greatest common factor of t and 24.
24
Suppose 0 = 5*d - 2*i - 38 - 142, -d + 14 = 4*i. Suppose -5*v + 438 - 28 = 0. Suppose 71 = 3*q - v. What is the highest common factor of d and q?
17
Let i = 20913 + -13039. What is the greatest common divisor of 62 and i?
62
Let s = 110701 - 75973. Let b be (-6)/10 + s/30. What is the highest common factor of b and 13?
13
Let j = 6697 - 6683. Calculate the highest common divisor of j and 11158.
14
Let x(l) = l - 5*l - 7*l + 6*l. Let y(s) = -3*s**2 - s. Let q be y(-1). Let r be x(q). What is the greatest common divisor of r and 10?
10
Let t be (4/(-3))/(0 - 2/60). Let u be t/((-25)/5)*(-3 - 5). Let q = u + -47. Calculate the highest common divisor of q and 153.
17
Let o = -52 - -90. Let g(p) = 54*p**2 + 6*p + 43. Let t be g(4). Calculate the greatest common factor of o and t.
19
Let c = 403 - 408. Let a be 22/c + 4 - (-28842)/30. Calculate the greatest common divisor of a and 31.
31
Let v be 259/37 - -2*2/(-2). Suppose -3*p - 24 = -v*p. What is the greatest common divisor of p and 32?
4
Let z be ((-3)/2)/((-282)/24 - -12). Let v(q) be the second derivative of -q**3/2 + 12*q**2 - q. Let l be v(z). What is the highest common factor of l and 6?
6
Let p(s) = 3*s + 2. Let o be p(13). Let a = -40 + o. Suppose -5*q = -5*g + 95, -g + 8 = 2*q + a. Calculate the highest common factor of g and 10.
5
Let s = 533 + -531. Suppose -2*n - s*b + 18 = 0, -4*n = -33*b + 29*b - 44. Calculate the highest common divisor of 5 and n.
5
Let h be 0*(-18)/(-702) + (1 - 2)*-445. Calculate the highest common divisor of h and 5.
5
Let u(n) = -257 + 23*n**2 - 74*n + 0*n**3 - n**3 + 109 + 18*n**2. Let w be u(39). Calculate the greatest common divisor of 92 and w.
4
Suppose 0 = -h + 5*h + 12, 4*m = h + 19. Suppose t - 1317 = -m*c - 144, 5*t - 298 = -c. Let b = c - 177. What is the highest common factor of 174 and b?
58
Suppose 16*q = 5*g + 11*q - 4175, g = -4*q + 840. Calculate the highest common factor of g and 380.
76
Let v = -2 + 5. Let p(o) = 3*o - 6. Let k be p(v). Suppose -k*r - 45 = -4*c, 3*r = -r + 4. Calculate the highest common factor of 24 and c.
12
Let p(b) = 20*b - 41. Let y be p(8). Suppose 0 = 2*a - 3*a - 32*a + 462. Calculate the greatest common divisor of y and a.
7
Suppose 25247*b + 330 = 25253*b. Calculate the greatest common divisor of b and 265.
5
Suppose 189 = 12*q + 153. Suppose q*d = -i - 3, -4*i - 30*d + 39 = -35*d. Calculate the highest common factor of 6 and i.
6
Let g be ((-8)/6)/4*-42. Suppose g*t = 12*t + 18. What is the greatest common divisor of t and 225?
9
Suppose 2*s = 4*a - 6, -2*s - a + 2 + 7 = 0. Let y = s + 4. What is the highest common divisor of y and 28?
7
Suppose -3*i + 3*v - 5 = -4*i, -i - 11 = -5*v. Let m be i*(1 - 2) - -10. Let s be 4/6 + (-4716)/(-54). What is the highest common factor of m and s?
11
Let z be 48*(2/(-3) + (-70)/(-21)). Suppose -3*v - 3*w + 16 = -4*w, -3*w - 8 = v. Suppose -92 = -v*q + z. What is the highest common divisor of 11 and q?
11
Let s = -7 - -10. Suppose 0 = s*f + 2*n, 4*f + 2 = -2*n - 0*n. Let g be f + 7/5 - (-1430)/50. What is the greatest common divisor of 7 and g?
7
Suppose 0 = 2*s - 119 - 163. Suppose s + 174 = 9*f. Let b = -25 + f. What is the greatest common divisor of 20 and b?
10
Let j be (2 - -3 - 1)*27/2. Let o be (j + -72)/((-2)/10). What is the greatest common divisor of 216 and o?
18
Suppose 351 = 3*j - 678. Suppose -682 = -4*i + 2*c, c - j = -2*i - 0*i. Let s be (21 - (1 - 0)) + (-2)/2. What is the greatest common divisor of i and s?
19
Let o = 11872 - 8248. What is the greatest common factor of 96 and o?
24
Let g(a) = 3*a**3 - 342*a**2 + 32*a - 288. Let s be g(114). What is the highest common divisor of 147 and s?
21
Let p(a) = 2*a**3 + a. Let b be p(1). Let k be -3 + (4 + -2)*b. Suppose f = -2*f - k*u + 225, -3*f + 5*u = -201. Calculate the highest common factor of 8 and f.
8
Let z be 7/(357/(-6868))*9/(-2). Calculate the highest common divisor of 2 and z.
2
Suppose -16504 - 12899 = -81*c. What is the greatest common divisor of 297 and c?
33
Let s be 246 + -59 - (0 - (-2 - -4)). What is the greatest common factor of 77 and s?
7
Let l be (-89*26/39)/(2/(-3)). Suppose g - 999 = l. Calculate the greatest common divisor of 68 and g.
68
Let a = -83 + 85. Suppose -3*x - 4*l - 52 = 0, 0*x - a*l = -x - 4. Let y = 48 + x. What is the greatest common factor of 18 and y?
18
Let a = -456 + 3686. Calculate the greatest common factor of a and 95.
95
Suppose -18*l = -4 - 104. Suppose -l*i + 68 = 11*i. Calculate the highest common divisor of 5 and i.
1
Let l be (-47142)/(-54) + 3/(0 - -3). What is the highest common factor of 92 and l?
46
Let j = 25 + -22. Suppose 0 = j*i - 5*y - 5, -i + 3*y + 20 = 5*y. Let m(s) = -s**2 - s + 80. Let b be m(0). What is the greatest common factor of i and b?
10
Let b = 17 - 5. Suppose 0 = -10*p + 7*p + b. Let i be (-128)/(-56) + p/(-14). Calculate